{"id":2164,"date":"2018-09-16T21:57:49","date_gmt":"2018-09-16T19:57:49","guid":{"rendered":"http:\/\/konsylium.sanok.pl\/?page_id=2164"},"modified":"2025-10-29T21:55:06","modified_gmt":"2025-10-29T20:55:06","slug":"zespol-ciesni-nadgarstka","status":"publish","type":"page","link":"https:\/\/konsylium.sanok.pl\/index.php\/zakres-dzialalnosci\/zespol-ciesni-nadgarstka\/","title":{"rendered":"Zesp\u00f3\u0142 cie\u015bni nadgarstka"},"content":{"rendered":"<div id=\"pl-2164\"  class=\"panel-layout\" ><div id=\"pg-2164-0\"  class=\"panel-grid panel-no-style\" ><div id=\"pgc-2164-0-0\"  class=\"panel-grid-cell\" ><div id=\"panel-2164-0-0-0\" class=\"so-panel widget widget_sow-editor panel-first-child panel-last-child\" data-index=\"0\" ><div\n\t\t\t\n\t\t\tclass=\"so-widget-sow-editor so-widget-sow-editor-base\"\n\t\t\t\n\t\t>\n<div class=\"siteorigin-widget-tinymce textwidget\">\n\t<p style=\"text-align: justify;\"><strong>Zesp\u00f3\u0142 cie\u015bni nadgarstka (ang. carpal tunnel syndrome, CTS) <\/strong>to cz\u0119sta przyczyna wizyt u lekarzy r\u00f3\u017cnych specjalno\u015bci. Objawy mog\u0105 by\u0107 myl\u0105ce, dlatego wa\u017cna jest prawid\u0142owa i skuteczna diagnostyka zw\u0142aszcza, \u017ce problem daje si\u0119 skutecznie leczy\u0107.<\/p>\n<ul>\n<li>Przyczyn\u0105 problem\u00f3w jest ucisk i uszkodzenie nerwu po\u015brodkowego w kanale nadgarstka<\/li>\n<li>Cz\u0119sto powstaje na skutek wykonywanej pracy (np. kasjer, praca przy komputerze, fryzjer, praca na roli) oraz jako nast\u0119pstwo chor\u00f3b (reumatoidalnego zapalenia staw\u00f3w, zwyrodnienia staw\u00f3w)<\/li>\n<li>Jest najcz\u0119stsz\u0105 neuropati\u0105 uciskow\u0105, mo\u017ce dotyczy\u0107 nawet co dziesi\u0105tej osoby<\/li>\n<li>Zazwyczaj dotyczy os\u00f3b w \u015brednim wieku, wyst\u0119puje 4 razy cz\u0119\u015bciej u kobiet ni\u017c u m\u0119\u017cczyzn.<\/li>\n<\/ul>\n<p><em>OBJAWY\u00a0<\/em>:<\/p>\n<ul>\n<li>Dr\u0119twienia, mrowienia palc\u00f3w kciuka, wskazuj\u0105cego i \u015brodkowego<\/li>\n<li>B\u00f3le i mrowienia d\u0142oni, kt\u00f3re cz\u0119sto budz\u0105 chorego w nocy<\/li>\n<li>Os\u0142abienie si\u0142y mi\u0119\u015bniowej d\u0142oni (chwytu, zaci\u015bni\u0119cia d\u0142oni w pi\u0119\u015b\u0107)<\/li>\n<li>Wypadanie przedmiot\u00f3w z r\u0105k, os\u0142abienie precyzji ruch\u00f3w d\u0142oni<\/li>\n<li>W konsekwencji ZANIK MI\u0118\u015aNI D\u0141ONI<\/li>\n<\/ul>\n<p style=\"text-align: justify;\">Je\u015bli leczenie zachowawcze jest nieskuteczne, nale\u017cy w\u00f3wczas rozwa\u017cy\u0107<strong>\u00a0leczenie operacyjne<\/strong>, kt\u00f3re na czas przeprowadzone pozwala unikn\u0105\u0107 nieodwracalnego uszkodzenia nerwu.<\/p>\n<ul>\n<li>Polega na odbarczeniu nerwu po\u015brodkowego poprzez przeci\u0119cie wi\u0119zad\u0142a poprzecznego w kanale nadgarstka<\/li>\n<li>Jest przeprowadzany metod\u0105 minimalnego otwarcia<\/li>\n<li>Trwa kilkana\u015bcie minut i jest wykonywany bezbole\u015bnie w znieczuleniu miejscowym<\/li>\n<li>Efekt operacji jest natychmiastowy i d\u0142ugotrwa\u0142y.<\/li>\n<li>Skuteczno\u015b\u0107 jest wysoka, a ryzyko zabiegu minimalne.<\/li>\n<\/ul>\n<p><strong>CELEM KWALIFIKACJI NALE\u017bY ZAPISA\u0106 SI\u0118 NA KONSULTACJ\u0118 NEUROCHIRURGICZN\u0104 z wynikiem badania ENG lub EMG.<\/strong><\/p>\n<\/div>\n<\/div><\/div><\/div><\/div><div id=\"pg-2164-1\"  class=\"panel-grid panel-no-style\" ><div id=\"pgc-2164-1-0\"  class=\"panel-grid-cell\" ><div id=\"panel-2164-1-0-0\" class=\"so-panel widget widget_black-studio-tinymce widget_black_studio_tinymce panel-first-child panel-last-child\" data-index=\"1\" ><div class=\"textwidget\"><h1 style=\"text-align: center; margin-bottom: 0;\">Nasz Zesp\u00f3\u0142<\/h1>\n<h4 style=\"text-align: center;\"><span style=\"font-size: 18px;\">Specjali\u015bci Konsylium<\/span><\/h4>\n<p style=\"text-align: center;\"><div class=\"divider\" style=\"margin-top:0; margin-bottom:40px; border-top:1px solid #333;width:10%\"\/><\/div><\/p>\n<\/div><\/div><\/div><\/div><div id=\"pg-2164-2\"  class=\"panel-grid panel-no-style\" ><div id=\"pgc-2164-2-0\"  class=\"panel-grid-cell\" ><div id=\"panel-2164-2-0-0\" class=\"so-panel widget widget_accesspress_preview_post panel-first-child panel-last-child\" data-index=\"2\" >                <div class=\"ap-widget-preview wow zoomIn\">\r\n                    <div class=\"widget-preview-thumbnail\"><img width=\"540\" height=\"350\" src=\"https:\/\/konsylium.sanok.pl\/wp-content\/uploads\/2024\/12\/m_drwiega-540x350.jpg\" class=\"attachment-medium-thumbnail size-medium-thumbnail wp-post-image\" alt=\"\" loading=\"lazy\" \/><\/div><h3 class=\"widget-title\">Lek. med. Micha\u0142 Drwi\u0119ga<\/h3><div class=\"widget-preview-excerpt\">Specjalista ortopedii i traumatologii narz\u0105du ruchu |\r\n\r\n \tUko\u0144czy\u0142 Warszawsk\u0105 Akademi\u0119 Medyczn\u0105 (obecnie Warszawski Uniwersytet Medyczny) w 2001 roku<\/div><div class=\"widget-preview-more\"><a class=\"read-more ap-bttn\" href=\"https:\/\/konsylium.sanok.pl\/index.php\/2022\/12\/31\/lek-med-michal-drwiega\/\">Wi\u0119cej...<\/a><\/div>                <\/div>\r\n                <\/div><\/div><div id=\"pgc-2164-2-1\"  class=\"panel-grid-cell panel-grid-cell-empty panel-grid-cell-mobile-last\" ><\/div><div id=\"pgc-2164-2-2\"  class=\"panel-grid-cell panel-grid-cell-empty\" ><\/div><\/div><\/div>","protected":false},"excerpt":{"rendered":"<p>Zesp\u00f3\u0142 cie\u015bni nadgarstka (ang. carpal tunnel syndrome, CTS) to cz\u0119sta przyczyna wizyt u lekarzy r\u00f3\u017cnych specjalno\u015bci. Objawy mog\u0105 by\u0107 myl\u0105ce, dlatego wa\u017cna jest prawid\u0142owa i skuteczna diagnostyka zw\u0142aszcza, \u017ce problem daje si\u0119 skutecznie leczy\u0107. Przyczyn\u0105 problem\u00f3w jest ucisk i uszkodzenie nerwu po\u015brodkowego w kanale nadgarstka Cz\u0119sto powstaje na skutek wykonywanej pracy (np. kasjer, praca przy&#8230;<\/p>\n","protected":false},"author":1,"featured_media":0,"parent":1351,"menu_order":0,"comment_status":"closed","ping_status":"closed","template":"","meta":{"_monsterinsights_skip_tracking":false,"_monsterinsights_sitenote_active":false,"_monsterinsights_sitenote_note":"","_monsterinsights_sitenote_category":0},"_links":{"self":[{"href":"https:\/\/konsylium.sanok.pl\/index.php\/wp-json\/wp\/v2\/pages\/2164"}],"collection":[{"href":"https:\/\/konsylium.sanok.pl\/index.php\/wp-json\/wp\/v2\/pages"}],"about":[{"href":"https:\/\/konsylium.sanok.pl\/index.php\/wp-json\/wp\/v2\/types\/page"}],"author":[{"embeddable":true,"href":"https:\/\/konsylium.sanok.pl\/index.php\/wp-json\/wp\/v2\/users\/1"}],"replies":[{"embeddable":true,"href":"https:\/\/konsylium.sanok.pl\/index.php\/wp-json\/wp\/v2\/comments?post=2164"}],"version-history":[{"count":14,"href":"https:\/\/konsylium.sanok.pl\/index.php\/wp-json\/wp\/v2\/pages\/2164\/revisions"}],"predecessor-version":[{"id":5173,"href":"https:\/\/konsylium.sanok.pl\/index.php\/wp-json\/wp\/v2\/pages\/2164\/revisions\/5173"}],"up":[{"embeddable":true,"href":"https:\/\/konsylium.sanok.pl\/index.php\/wp-json\/wp\/v2\/pages\/1351"}],"wp:attachment":[{"href":"https:\/\/konsylium.sanok.pl\/index.php\/wp-json\/wp\/v2\/media?parent=2164"}],"curies":[{"name":"wp","href":"https:\/\/api.w.org\/{rel}","templated":true}]}}