{"id":1358,"date":"2018-03-19T21:40:38","date_gmt":"2018-03-19T20:40:38","guid":{"rendered":"http:\/\/konsylium.sanok.pl\/?page_id=1358"},"modified":"2026-01-11T17:08:59","modified_gmt":"2026-01-11T16:08:59","slug":"zabiegi-medycyny-estetycznej","status":"publish","type":"page","link":"https:\/\/konsylium.sanok.pl\/index.php\/zakres-dzialalnosci\/zabiegi-medycyny-estetycznej\/","title":{"rendered":"Zabiegi medycyny estetycznej"},"content":{"rendered":"<div id=\"pl-1358\"  class=\"panel-layout\" ><div id=\"pg-1358-0\"  class=\"panel-grid panel-no-style\" ><div id=\"pgc-1358-0-0\"  class=\"panel-grid-cell\" ><div id=\"panel-1358-0-0-0\" class=\"so-panel widget widget_sow-editor panel-first-child panel-last-child\" data-index=\"0\" ><div\n\t\t\t\n\t\t\tclass=\"so-widget-sow-editor so-widget-sow-editor-base\"\n\t\t\t\n\t\t>\n<div class=\"siteorigin-widget-tinymce textwidget\">\n\t<p style=\"text-align: center;\"><strong>Serdecznie zapraszamy do odwiedzin naszej nowej strony Konsylium Estetyka<\/strong><\/p>\n<p style=\"text-align: center;\"><a href=\"http:\/\/konsyliumestetyka.pl\" target=\"_blank\" rel=\"attachment noopener wp-att-3856 noreferrer\"><img loading=\"lazy\" class=\"alignnone wp-image-3856\" src=\"https:\/\/konsylium.sanok.pl\/wp-content\/uploads\/2021\/06\/Baner_Konsylium_Estetyka.png\" alt=\"\" width=\"400\" height=\"100\" srcset=\"https:\/\/konsylium.sanok.pl\/wp-content\/uploads\/2021\/06\/Baner_Konsylium_Estetyka.png 600w, https:\/\/konsylium.sanok.pl\/wp-content\/uploads\/2021\/06\/Baner_Konsylium_Estetyka-300x75.png 300w, https:\/\/konsylium.sanok.pl\/wp-content\/uploads\/2021\/06\/Baner_Konsylium_Estetyka-24x6.png 24w, https:\/\/konsylium.sanok.pl\/wp-content\/uploads\/2021\/06\/Baner_Konsylium_Estetyka-36x9.png 36w, https:\/\/konsylium.sanok.pl\/wp-content\/uploads\/2021\/06\/Baner_Konsylium_Estetyka-48x12.png 48w\" sizes=\"(max-width: 400px) 100vw, 400px\" \/><\/a><\/p>\n<p style=\"text-align: center;\"><strong>Medycyna estetyczna na \u015bwiatowym poziomie z wykorzystaniem nowoczesnego sprz\u0119tu<\/strong><\/p>\n<p style=\"text-align: justify;\">Medycyna estetyczna, w przeciwie\u0144stwie do chirurgii plastycznej zajmuje si\u0119 nieoperacyjnymi a wi\u0119c nieinwazyjnymi metodami poprawiania urody.<\/p>\n<p style=\"text-align: justify;\">Zabiegi wykonywane przez lekarza medycyny estetycznej w warunkach ambulatoryjnych , bez u\u017cycia skalpela czy narkozy nie wymagaj\u0105 pobytu w szpitalu oraz d\u0142u\u017cszych okres\u00f3w rekonwalescencji.<\/p>\n<p style=\"text-align: justify;\"><strong>Efekty widoczne s\u0105 niemal\u017ce natychmiastowo. <\/strong><\/p>\n<p style=\"text-align: justify;\">Medycyna estetyczna to obecnie najszybciej rozwijaj\u0105ca si\u0119 dziedzina medycyny. Post\u0119p technologiczny stworzy\u0142 ogromne mo\u017cliwo\u015bci w dziedzinie anti\u2013aging (ang. przeciwdzia\u0142aj\u0105cy starzeniu). Pocz\u0105wszy od redukcji zmarszczek mimicznych i g\u0142\u0119bokich bruzd, poprzez zmian\u0119 owalu twarzy, odm\u0142odzenie spojrzenia, popraw\u0119 kszta\u0142tu ust, wzmocnienie witalno\u015bci sk\u00f3ry, eliminacj\u0119 cellulitu a\u017c po trwa\u0142e usuwanie zb\u0119dnego ow\u0142osienia b\u0105d\u017a stymulacj\u0119 wzrostu w\u0142os\u00f3w czy nadmiernej potliwo\u015bci.<\/p>\n<p style=\"text-align: justify;\">Dzi\u0119ki naszym zabiegom zadbasz o ka\u017cd\u0105 cz\u0119\u015b\u0107 cia\u0142a przy u\u017cyciu nowoczesnych preparat\u00f3w (m.in. toksyna botulinowa, nici liftinguj\u0105ce biowch\u0142anialne, kwas hialuronowy, hydroksyapatyt wapnia o przed\u0142u\u017conym dzia\u0142aniu, t\u0142uszcz autoimmunologiczny, lipotransfer) i urz\u0105dze\u0144 (mezoterapia iniekcyjna urz\u0105dzeniem Vital Injector, lasery frakcyjne CO2, urz\u0105dzenia High-Tech).<\/p>\n<p style=\"text-align: justify;\">- <strong>Twarz <\/strong>\u2013 modelowanie owalu twarzy; redukcja zmarszczek mimicznych; wype\u0142nianie zmarszczek; g\u0142\u0119bokie peelingi; rewitalizacja twarzy poprzez dostarczenie do sk\u00f3ry w\u0142a\u015bciwej substancji leczniczych, regeneruj\u0105cych b\u0105d\u017a od\u017cywczych.<\/p>\n<p style=\"text-align: justify;\">- <strong>Usta <\/strong>\u2013 powi\u0119kszanie; poprawa kszta\u0142tu; korekta u\u015bmiechu; wyr\u00f3wnywanie asymetrii; g\u0142\u0119bokie nawil\u017cenie; likwidacja zmarszczek palacza.<\/p>\n<p style=\"text-align: justify;\">- <strong>W\u0142osy i sk\u00f3ra g\u0142owy <\/strong>\u2013 stymulacja wzrostu w\u0142os\u00f3w metod\u0105 dobran\u0105 do indywidualnego problemu pacjenta.<\/p>\n<p style=\"text-align: justify;\">- <strong>Szyja i dekolt <\/strong>\u2013 odbudowa struktury; odm\u0142odzenie; napi\u0119cie wiotkiej sk\u00f3ry szyi i dekoltu.<\/p>\n<p style=\"text-align: justify;\">- <strong>Pachy, d\u0142onie <\/strong>\u2013 leczenie nadpotliwo\u015bci; odm\u0142odzenie i wyg\u0142adzenie sk\u00f3ry d\u0142oni.<\/p>\n<p style=\"text-align: justify;\">- <strong>Po\u015bladki, uda, kolana <\/strong>\u2013 cellulit; rozst\u0119py; nadmiar tkanki t\u0142uszczowej.<\/p>\n<p style=\"text-align: justify;\">Ponadto <strong>zamykanie naczynek i naczyniak\u00f3w <\/strong>laserami najnowszej generacji.<\/p>\n<p style=\"text-align: left;\"><strong>Specjalizujemy si\u0119 w dermatologii klinicznej. Wykonujemy zabiegi z zakresu dermatochirurgii. <\/strong><\/p>\n<p style=\"text-align: justify;\">Sk\u00f3ra to najwi\u0119kszy i najbardziej skomplikowany narz\u0105d cz\u0142owieka, b\u0119d\u0105cy jednocze\u015bnie podstawowym elementem ochronnym organizmu. W\u0142a\u015bnie dermatologia kliniczna zajmuje si\u0119 diagnozowaniem i leczeniem chor\u00f3b sk\u00f3ry i jej przydatk\u00f3w czyli w\u0142os\u00f3w i paznokci.<\/p>\n<p style=\"text-align: justify;\"><strong>W naszej klinice prowadzimy diagnostyk\u0119 za pomoc\u0105 bada\u0144 histopatologicznych oraz wykonujemy nast\u0119puj\u0105ce zabiegi i procedury dermatochirurgiczne: <\/strong><\/p>\n<p style=\"text-align: justify;\">- <strong>Usuwanie zmian sk\u00f3rnych metodami dobranymi do danej zmiany i jej lokalizacji <\/strong>(chirurgiczne, laserowe, plazmowe, elektrokoagulacja).<\/p>\n<p style=\"text-align: justify;\">-<strong>Usuwanie pieg\u00f3w, przebarwie\u0144, plam <\/strong>(pos\u0142onecznych, starczych) za pomoc\u0105 terapii depigmentacyjnej (Cosmelan\/Dermamelan).<\/p>\n<p style=\"text-align: justify;\">- <strong>Fototerapia <\/strong>(UVA,UVB) \u0142uszczycy, bielactwa, atopowego zapalenia sk\u00f3ry<\/p>\n<p style=\"text-align: justify;\">- <strong>Videodermoskopia <\/strong>\u2013 diagnostyka znamion i innych zmian sk\u00f3rnych urz\u0105dzeniem FotoFinder z archiwizacj\u0105 i mo\u017cliwo\u015bci\u0105 dlugookresowej obserwacji.<\/p>\n<p style=\"text-align: justify;\"><strong>Opis efekt\u00f3w zabieg\u00f3w medycyny estetycznej i dermatologii klinicznej wykonywanych w klinice Konsylium, wskaza\u0144 oraz przeciwwskaza\u0144 dost\u0119pny niebawem pod adresem odno\u015bnika do strony internetowej (strona w budowie).<\/strong><\/p>\n<\/div>\n<\/div><\/div><\/div><\/div><div id=\"pg-1358-1\"  class=\"panel-grid panel-no-style\" ><div id=\"pgc-1358-1-0\"  class=\"panel-grid-cell\" ><div id=\"panel-1358-1-0-0\" class=\"so-panel widget widget_black-studio-tinymce widget_black_studio_tinymce panel-first-child panel-last-child\" data-index=\"1\" ><div class=\"textwidget\"><h1 style=\"text-align: center; margin-bottom: 0;\">Nasz Zesp\u00f3\u0142<\/h1>\n<h4 style=\"text-align: center;\"><span style=\"font-size: 18px;\">Specjali\u015bci Konsylium<\/span><\/h4>\n<p style=\"text-align: center;\"><div class=\"divider\" style=\"margin-top:0; margin-bottom:40px; border-top:1px solid #333;width:10%\"\/><\/div><\/p>\n<\/div><\/div><\/div><\/div><div id=\"pg-1358-2\"  class=\"panel-grid panel-no-style\" ><div id=\"pgc-1358-2-0\"  class=\"panel-grid-cell\" ><div id=\"panel-1358-2-0-0\" class=\"so-panel widget widget_accesspress_preview_post panel-first-child panel-last-child\" data-index=\"2\" >                <div class=\"ap-widget-preview wow zoomIn\">\r\n                    <div class=\"widget-preview-thumbnail\"><img width=\"540\" height=\"350\" src=\"https:\/\/konsylium.sanok.pl\/wp-content\/uploads\/2018\/03\/a_zielnica-540x350.jpg\" class=\"attachment-medium-thumbnail size-medium-thumbnail wp-post-image\" alt=\"\" loading=\"lazy\" \/><\/div><h3 class=\"widget-title\">Lek. med. Anna Zielnica-Buk\u0142ad<\/h3><div class=\"widget-preview-excerpt\">Specjalista dermatolog, specjalista medycyny pracy |\r\n\r\n\r\nUko\u0144czy\u0142a studia na kierunku lekarskim w Akademii Medycznej im. Karola Marcinkowskiego w Poz<\/div><div class=\"widget-preview-more\"><a class=\"read-more ap-bttn\" href=\"https:\/\/konsylium.sanok.pl\/index.php\/2018\/03\/10\/lek-med-anna-zielnica\/\">Wi\u0119cej...<\/a><\/div>                <\/div>\r\n                <\/div><\/div><div id=\"pgc-1358-2-1\"  class=\"panel-grid-cell\" ><div id=\"panel-1358-2-1-0\" class=\"so-panel widget widget_accesspress_preview_post panel-first-child panel-last-child\" data-index=\"3\" >                <div class=\"ap-widget-preview wow zoomIn\">\r\n                    <div class=\"widget-preview-thumbnail\"><img width=\"540\" height=\"350\" src=\"https:\/\/konsylium.sanok.pl\/wp-content\/uploads\/2019\/07\/a_opalinska-2-540x350.jpg\" class=\"attachment-medium-thumbnail size-medium-thumbnail wp-post-image\" alt=\"\" loading=\"lazy\" \/><\/div><h3 class=\"widget-title\">Lek. med. Aleksandra Opali\u0144ska<\/h3><div class=\"widget-preview-excerpt\">Specjalista dermatolog-wenerolog |\r\n\r\n \tUko\u0144czy\u0142a studia na kierunku lekarskim Uniwersytetu Medycznego w Lublinie.\r\n \tDo\u015bwiadczenie zawodowe zdobywa\u0142a<\/div><div class=\"widget-preview-more\"><a class=\"read-more ap-bttn\" href=\"https:\/\/konsylium.sanok.pl\/index.php\/2019\/07\/30\/lek-aleksandra-opalinska\/\">Wi\u0119cej...<\/a><\/div>                <\/div>\r\n                <\/div><\/div><div id=\"pgc-1358-2-2\"  class=\"panel-grid-cell\" ><div id=\"panel-1358-2-2-0\" class=\"so-panel widget widget_accesspress_preview_post panel-first-child panel-last-child\" data-index=\"4\" >                <div class=\"ap-widget-preview wow zoomIn\">\r\n                    <div class=\"widget-preview-thumbnail\"><img width=\"540\" height=\"350\" src=\"https:\/\/konsylium.sanok.pl\/wp-content\/uploads\/2018\/03\/m_tabisz-540x350.jpg\" class=\"attachment-medium-thumbnail size-medium-thumbnail wp-post-image\" alt=\"\" loading=\"lazy\" \/><\/div><h3 class=\"widget-title\">Mgr Marzena Anna Tabisz<\/h3><div class=\"widget-preview-excerpt\">Dyplomowana Magister Piel\u0119gniarstwa, Kosmetolog Estetyczny |\r\n\r\n\r\n \tSpecjalistka \u0142\u0105cz\u0105ca rzeteln\u0105 wiedz\u0119 medyczn\u0105 z zaawansowan\u0105 kosmetologi\u0105 estetycz<\/div><div class=\"widget-preview-more\"><a class=\"read-more ap-bttn\" href=\"https:\/\/konsylium.sanok.pl\/index.php\/2018\/03\/07\/marzena-tabisz\/\">Wi\u0119cej...<\/a><\/div>                <\/div>\r\n                <\/div><\/div><\/div><\/div>","protected":false},"excerpt":{"rendered":"<p>Serdecznie zapraszamy do odwiedzin naszej nowej strony Konsylium Estetyka Medycyna estetyczna na \u015bwiatowym poziomie z wykorzystaniem nowoczesnego sprz\u0119tu Medycyna estetyczna, w przeciwie\u0144stwie do chirurgii plastycznej zajmuje si\u0119 nieoperacyjnymi a wi\u0119c nieinwazyjnymi metodami poprawiania urody. Zabiegi wykonywane przez lekarza medycyny estetycznej w warunkach ambulatoryjnych , bez u\u017cycia skalpela czy narkozy nie wymagaj\u0105 pobytu w szpitalu oraz&#8230;<\/p>\n","protected":false},"author":1,"featured_media":0,"parent":1351,"menu_order":0,"comment_status":"closed","ping_status":"closed","template":"","meta":{"_monsterinsights_skip_tracking":false,"_monsterinsights_sitenote_active":false,"_monsterinsights_sitenote_note":"","_monsterinsights_sitenote_category":0},"_links":{"self":[{"href":"https:\/\/konsylium.sanok.pl\/index.php\/wp-json\/wp\/v2\/pages\/1358"}],"collection":[{"href":"https:\/\/konsylium.sanok.pl\/index.php\/wp-json\/wp\/v2\/pages"}],"about":[{"href":"https:\/\/konsylium.sanok.pl\/index.php\/wp-json\/wp\/v2\/types\/page"}],"author":[{"embeddable":true,"href":"https:\/\/konsylium.sanok.pl\/index.php\/wp-json\/wp\/v2\/users\/1"}],"replies":[{"embeddable":true,"href":"https:\/\/konsylium.sanok.pl\/index.php\/wp-json\/wp\/v2\/comments?post=1358"}],"version-history":[{"count":51,"href":"https:\/\/konsylium.sanok.pl\/index.php\/wp-json\/wp\/v2\/pages\/1358\/revisions"}],"predecessor-version":[{"id":5224,"href":"https:\/\/konsylium.sanok.pl\/index.php\/wp-json\/wp\/v2\/pages\/1358\/revisions\/5224"}],"up":[{"embeddable":true,"href":"https:\/\/konsylium.sanok.pl\/index.php\/wp-json\/wp\/v2\/pages\/1351"}],"wp:attachment":[{"href":"https:\/\/konsylium.sanok.pl\/index.php\/wp-json\/wp\/v2\/media?parent=1358"}],"curies":[{"name":"wp","href":"https:\/\/api.w.org\/{rel}","templated":true}]}}